{"id":9733,"date":"2017-10-24T04:06:03","date_gmt":"2017-10-24T02:06:03","guid":{"rendered":"http:\/\/www.doithosting.net\/marocnow\/?page_id=9733"},"modified":"2017-11-13T15:12:10","modified_gmt":"2017-11-13T14:12:10","slug":"salons-de-reference","status":"publish","type":"page","link":"https:\/\/www.marocnow.ma\/index.php\/salons-de-reference\/","title":{"rendered":"Salons de r\u00e9ference"},"content":{"rendered":"\n<table id=\"tablepress-3\" class=\"tablepress tablepress-id-3\">\n<thead>\n<tr class=\"row-1 odd\">\n\t<th class=\"column-1\">NOM DU SALON<\/th><th class=\"column-2\">PERIODICITE<\/th><th class=\"column-3\">LIEU<\/th><th class=\"column-4\">PROCHAINES DATES<\/th>\n<\/tr>\n<\/thead>\n<tbody class=\"row-hover\">\n<tr class=\"row-2 even\">\n\t<td class=\"column-1\">EXPO HALAL INTERNATIONAL<\/td><td rowspan=\"2\" class=\"column-2\">once a year<\/td><td class=\"column-3\">Marrakech\u00a0<\/td><td rowspan=\"2\" class=\"column-4\">14.09 - 15.09 2017<\/td>\n<\/tr>\n<tr class=\"row-3 odd\">\n\t<td class=\"column-1\">International Halal Products &amp; Service Expo<\/td><td class=\"column-3\">>\u00a0Palais des Congr\u00e8s de Marrakech<\/td>\n<\/tr>\n<tr class=\"row-4 even\">\n\t<td class=\"column-1\">KIMIA AFRICA<\/td><td rowspan=\"2\" class=\"column-2\">every 2 years<\/td><td class=\"column-3\">Casablanca\u00a0<\/td><td rowspan=\"2\" class=\"column-4\">26.09 - 28.09 2017<\/td>\n<\/tr>\n<tr class=\"row-5 odd\">\n\t<td class=\"column-1\">Raw Materials and Technologies for the Chemistry and the Parachemistry Industries Exhibition<\/td><td class=\"column-3\">>\u00a0Parc d'Exposition de l'Office des Changes (CICEC)<\/td>\n<\/tr>\n<tr class=\"row-6 even\">\n\t<td class=\"column-1\">SIAGRA AFRICA<\/td><td rowspan=\"2\" class=\"column-2\">every 2 years<\/td><td class=\"column-3\">Casablanca\u00a0<\/td><td rowspan=\"2\" class=\"column-4\">Oct. 2017 (?)<\/td>\n<\/tr>\n<tr class=\"row-7 odd\">\n\t<td class=\"column-1\">Graphic Arts &amp; Packaging International Exhibition<\/td><td class=\"column-3\">>\u00a0Office des Foires et Expositions de Casablanca (OFEC)<\/td>\n<\/tr>\n<tr class=\"row-8 even\">\n\t<td class=\"column-1\">TANGIER TOURISM EXPO<\/td><td rowspan=\"2\" class=\"column-2\">twice a year<\/td><td class=\"column-3\">Tangier\u00a0<\/td><td rowspan=\"2\" class=\"column-4\">Oct. 2017 (?)<\/td>\n<\/tr>\n<tr class=\"row-9 odd\">\n\t<td class=\"column-1\">International Tourism &amp; Travel Trade Show in Tangier<\/td><td class=\"column-3\">>\u00a0M\u00f6venpick Hotel &amp; Casino Malabata Tanger<\/td>\n<\/tr>\n<tr class=\"row-10 even\">\n\t<td class=\"column-1\">WORLD LP GAS FORUM<\/td><td rowspan=\"2\" class=\"column-2\">once a year<\/td><td class=\"column-3\">Marrakech<\/td><td rowspan=\"2\" class=\"column-4\">03.10 - 05.10 2017<\/td>\n<\/tr>\n<tr class=\"row-11 odd\">\n\t<td class=\"column-1\">World LP Gas Forum. World LP Gas Forum is the premier global event for the LP Gas industry. It travels the globe annually attracting key international agencies, policy makers, media &amp; the highest level of industry leaders to explore the LP Gas business<\/td><td class=\"column-3\"><\/td>\n<\/tr>\n<tr class=\"row-12 even\">\n\t<td class=\"column-1\">AEROSPACE MEETINGS CASABLANCA<\/td><td rowspan=\"2\" class=\"column-2\">every 2 years<\/td><td class=\"column-3\">Casablanca\u00a0<\/td><td rowspan=\"2\" class=\"column-4\">04.10 - 05.10 2017<\/td>\n<\/tr>\n<tr class=\"row-13 odd\">\n\t<td class=\"column-1\">International Business Convention for the Aerospace Industries<\/td><td class=\"column-3\">>\u00a0Office des Foires et Expositions de Casablanca (OFEC)<\/td>\n<\/tr>\n<tr class=\"row-14 even\">\n\t<td class=\"column-1\">ELEC EXPO<\/td><td rowspan=\"2\" class=\"column-2\">once a year<\/td><td class=\"column-3\">Casablanca\u00a0<\/td><td rowspan=\"2\" class=\"column-4\">04.10 - 07.10 2017<\/td>\n<\/tr>\n<tr class=\"row-15 odd\">\n\t<td class=\"column-1\">International Electricity, Lighting, Electrical Engineering and Industrial Automation Trade Fair<\/td><td class=\"column-3\">>\u00a0Office des Foires et Expositions de Casablanca (OFEC)<\/td>\n<\/tr>\n<tr class=\"row-16 even\">\n\t<td class=\"column-1\">ENER EVENT<\/td><td rowspan=\"2\" class=\"column-2\">once a year<\/td><td class=\"column-3\">Casablanca\u00a0<\/td><td rowspan=\"2\" class=\"column-4\">04.10 - 07.10 2017<\/td>\n<\/tr>\n<tr class=\"row-17 odd\">\n\t<td class=\"column-1\">International Renewable Energy and Energy Efficiency Trade Fair<\/td><td class=\"column-3\">>\u00a0Office des Foires et Expositions de Casablanca (OFEC)<\/td>\n<\/tr>\n<tr class=\"row-18 even\">\n\t<td class=\"column-1\">TRONICA EXPO<\/td><td rowspan=\"2\" class=\"column-2\">once a year<\/td><td class=\"column-3\">Casablanca\u00a0<\/td><td rowspan=\"2\" class=\"column-4\">04.10 - 07.10 2017<\/td>\n<\/tr>\n<tr class=\"row-19 odd\">\n\t<td class=\"column-1\">International Renewable Energy and Energy Efficiency Trade Fair<\/td><td class=\"column-3\">>\u00a0Office des Foires et Expositions de Casablanca (OFEC)<\/td>\n<\/tr>\n<tr class=\"row-20 even\">\n\t<td class=\"column-1\">SALON PLAN\u00c8TE MAMAN B\u00c9B\u00c9<\/td><td rowspan=\"2\" class=\"column-2\">once a year<\/td><td class=\"column-3\">Casablanca\u00a0<\/td><td rowspan=\"2\" class=\"column-4\">05.10 - 08.10 2017<\/td>\n<\/tr>\n<tr class=\"row-21 odd\">\n\t<td class=\"column-1\">International trade show dedicated to mothers, babies and children up to 12 years<\/td><td class=\"column-3\">>\u00a0Plein Ciel Paradise<\/td>\n<\/tr>\n<tr class=\"row-22 even\">\n\t<td class=\"column-1\">VISA FOR MUSIC<\/td><td rowspan=\"2\" class=\"column-2\">once a year<\/td><td class=\"column-3\">Rabat<\/td><td rowspan=\"2\" class=\"column-4\">22.10 - 25.10 2017<\/td>\n<\/tr>\n<tr class=\"row-23 odd\">\n\t<td class=\"column-1\">Africa Middle East Music Meeting. Visa For Music establishes itself as the unique international marketplace for World and New Music of these regions, and as the interprofessional platform for the music industry in Morocco and countries of the South<\/td><td class=\"column-3\"><\/td>\n<\/tr>\n<tr class=\"row-24 even\">\n\t<td class=\"column-1\">PACK 2 PACK MOROCCO<\/td><td rowspan=\"2\" class=\"column-2\">once a year<\/td><td class=\"column-3\">Casablanca\u00a0<\/td><td rowspan=\"2\" class=\"column-4\">24.10 - 26.10 2017<\/td>\n<\/tr>\n<tr class=\"row-25 odd\">\n\t<td class=\"column-1\">International Exhibition for Packing &amp; Packaging Solutions. PACK 2 PACK, an exhibition dedicated to the Packing &amp; Packaging Industry in the Middle Eastern &amp; African regions features Machinery, Converting Processing, Packaging Materials &amp; Logistics System<\/td><td class=\"column-3\">>\u00a0Office des Foires et Expositions de Casablanca (OFEC)<\/td>\n<\/tr>\n<tr class=\"row-26 even\">\n\t<td class=\"column-1\">POLLUTEC MAROC<\/td><td rowspan=\"2\" class=\"column-2\">once a year<\/td><td class=\"column-3\">Casablanca\u00a0<\/td><td rowspan=\"2\" class=\"column-4\">24.10 - 27.10 2017<\/td>\n<\/tr>\n<tr class=\"row-27 odd\">\n\t<td class=\"column-1\">International Exhibition of Environmental Equipment, Technology and Services for Industry and Local Authorities<\/td><td class=\"column-3\">>\u00a0Office des Foires et Expositions de Casablanca (OFEC)<\/td>\n<\/tr>\n<tr class=\"row-28 even\">\n\t<td class=\"column-1\">M\u00c9DINIT EXPO<\/td><td rowspan=\"2\" class=\"column-2\">once a year<\/td><td class=\"column-3\">Casablanca\u00a0<\/td><td rowspan=\"2\" class=\"column-4\">26.10 - 28.10 2017<\/td>\n<\/tr>\n<tr class=\"row-29 odd\">\n\t<td class=\"column-1\">Exhibition of Italian design and technology for the interior design and construction. M\u00e9dinit EXPO is a showcase where leading Made in Italy companies can present their products and technologies to the Moroccan market<\/td><td class=\"column-3\">>\u00a0Hyatt Regency Hotel<\/td>\n<\/tr>\n<tr class=\"row-30 even\">\n\t<td class=\"column-1\">MIDEST MAROC<\/td><td rowspan=\"2\" class=\"column-2\">once a year<\/td><td class=\"column-3\">Casablanca\u00a0<\/td><td rowspan=\"2\" class=\"column-4\">08.11 - 11.11 2017<\/td>\n<\/tr>\n<tr class=\"row-31 odd\">\n\t<td class=\"column-1\">International Industrial Sub-Contracting Exhibition. MIDEST MAROC, the industrial trade show in Morocco includes 6 sectors: Machine tools, plastics, sheet metal working, electronics, subcontracting and Services<\/td><td class=\"column-3\">>\u00a0Office des Foires et Expositions de Casablanca (OFEC)<\/td>\n<\/tr>\n<tr class=\"row-32 even\">\n\t<td class=\"column-1\">A2 INTERNATIONAL EDUCATION FAIRS - CASABLANCA<\/td><td rowspan=\"2\" class=\"column-2\">twice a year<\/td><td class=\"column-3\">Casablanca\u00a0<\/td><td rowspan=\"2\" class=\"column-4\">21.11 - 25.11 2017<\/td>\n<\/tr>\n<tr class=\"row-33 odd\">\n\t<td class=\"column-1\">International Education Fair<\/td><td class=\"column-3\">>\u00a0Sheraton Casablanca Hotel &amp; Towers<\/td>\n<\/tr>\n<tr class=\"row-34 even\">\n\t<td class=\"column-1\">A2 INTERNATIONAL EDUCATION FAIRS - MARRAKECH<\/td><td rowspan=\"2\" class=\"column-2\">twice a year<\/td><td class=\"column-3\">Marrakech<\/td><td rowspan=\"2\" class=\"column-4\">21.11 - 25.11 2017<\/td>\n<\/tr>\n<tr class=\"row-35 odd\">\n\t<td class=\"column-1\">International Education Fair<\/td><td class=\"column-3\"><\/td>\n<\/tr>\n<tr class=\"row-36 even\">\n\t<td class=\"column-1\">MED-IT MAROC<\/td><td rowspan=\"2\" class=\"column-2\">once a year<\/td><td class=\"column-3\">Skhirat\u00a0<\/td><td rowspan=\"2\" class=\"column-4\">28.11 - 29.11 2017<\/td>\n<\/tr>\n<tr class=\"row-37 odd\">\n\t<td class=\"column-1\">Information Technology International Trade Show, Conference &amp; targeted business meetings<\/td><td class=\"column-3\">>\u00a0Palais des Congr\u00e8s - l'Amphitrite Palace<\/td>\n<\/tr>\n<tr class=\"row-38 even\">\n\t<td class=\"column-1\">SIFEL AGADIR<\/td><td rowspan=\"2\" class=\"column-2\">once a year<\/td><td class=\"column-3\">Agadir\u00a0<\/td><td rowspan=\"2\" class=\"column-4\">Dec. 2017 (?)<\/td>\n<\/tr>\n<tr class=\"row-39 odd\">\n\t<td class=\"column-1\">Fruit &amp; Vegetable International Fair in Morocco<\/td><td class=\"column-3\">>\u00a0Agadir Parc Expo<\/td>\n<\/tr>\n<tr class=\"row-40 even\">\n\t<td class=\"column-1\">MAFEX - MAGHREB FOOD EXHIBITION<\/td><td rowspan=\"2\" class=\"column-2\">once a year<\/td><td class=\"column-3\">Casablanca\u00a0<\/td><td rowspan=\"2\" class=\"column-4\">Dec. 2017 (?)<\/td>\n<\/tr>\n<tr class=\"row-41 odd\">\n\t<td class=\"column-1\">Maghreb Food Exhibition. Food ingredients - Finished products (ready to eat) - Process and processing equipment - Packaging and logistics for agribusiness<\/td><td class=\"column-3\">>\u00a0Office des Foires et Expositions de Casablanca (OFEC)<\/td>\n<\/tr>\n<tr class=\"row-42 even\">\n\t<td class=\"column-1\">CBH EXPO<\/td><td rowspan=\"2\" class=\"column-2\">once a year<\/td><td class=\"column-3\">Casablanca\u00a0<\/td><td rowspan=\"2\" class=\"column-4\">08.12 - 10.12 2017<\/td>\n<\/tr>\n<tr class=\"row-43 odd\">\n\t<td class=\"column-1\">International Cosmetic, Beauty, Hair, Home Care &amp; Hygiene Exhibition<\/td><td class=\"column-3\">>\u00a0Office des Foires et Expositions de Casablanca (OFEC)<\/td>\n<\/tr>\n<tr class=\"row-44 even\">\n\t<td class=\"column-1\">MOROCCO FOODEXPO<\/td><td rowspan=\"2\" class=\"column-2\">once a year<\/td><td class=\"column-3\">Casablanca\u00a0<\/td><td rowspan=\"2\" class=\"column-4\">08.12 - 10.12 2017<\/td>\n<\/tr>\n<tr class=\"row-45 odd\">\n\t<td class=\"column-1\">International Food, Agriculture &amp; Technologies Exhibition in Morocco<\/td><td class=\"column-3\">>\u00a0Parc d'Exposition de l'Office des Changes (CICEC)<\/td>\n<\/tr>\n<tr class=\"row-46 even\">\n\t<td class=\"column-1\">MAROC CERAMIC<\/td><td rowspan=\"2\" class=\"column-2\">every 2 years<\/td><td class=\"column-3\">Casablanca\u00a0<\/td><td rowspan=\"2\" class=\"column-4\">Jan. 2018 (?)<\/td>\n<\/tr>\n<tr class=\"row-47 odd\">\n\t<td class=\"column-1\">International Ceramic, Bathroom &amp; Kitchen Fair<\/td><td class=\"column-3\">>\u00a0Office des Foires et Expositions de Casablanca (OFEC)<\/td>\n<\/tr>\n<tr class=\"row-48 even\">\n\t<td class=\"column-1\">MAROC STONE<\/td><td rowspan=\"2\" class=\"column-2\">once a year<\/td><td class=\"column-3\">Casablanca\u00a0<\/td><td rowspan=\"2\" class=\"column-4\">25.01 - 28.01 2018<\/td>\n<\/tr>\n<tr class=\"row-49 odd\">\n\t<td class=\"column-1\">Morocco International Marble &amp; Natural Stone Products Fair<\/td><td class=\"column-3\">>\u00a0Parc d'Exposition de l'Office des Changes (CICEC)<\/td>\n<\/tr>\n<tr class=\"row-50 even\">\n\t<td class=\"column-1\">SIEL CASABLANCA<\/td><td rowspan=\"2\" class=\"column-2\">once a year<\/td><td class=\"column-3\">Casablanca\u00a0<\/td><td rowspan=\"2\" class=\"column-4\">Feb. 2018 (?)<\/td>\n<\/tr>\n<tr class=\"row-51 odd\">\n\t<td class=\"column-1\">International Exhibition of Publishing and Book<\/td><td class=\"column-3\">>\u00a0Office des Foires et Expositions de Casablanca (OFEC)<\/td>\n<\/tr>\n<tr class=\"row-52 even\">\n\t<td class=\"column-1\">MAROCARNE &amp; MILK<\/td><td rowspan=\"2\" class=\"column-2\">every 2 years<\/td><td class=\"column-3\">Casablanca\u00a0<\/td><td rowspan=\"2\" class=\"column-4\">07.02 - 09.02 2018<\/td>\n<\/tr>\n<tr class=\"row-53 odd\">\n\t<td class=\"column-1\">Meat &amp; Dairy Industry International Trade Show<\/td><td class=\"column-3\">>\u00a0Office des Foires et Expositions de Casablanca (OFEC)<\/td>\n<\/tr>\n<tr class=\"row-54 even\">\n\t<td class=\"column-1\">PHOTOVOLTAICA<\/td><td rowspan=\"2\" class=\"column-2\">every 2 years<\/td><td class=\"column-3\">Casablanca\u00a0<\/td><td rowspan=\"2\" class=\"column-4\">13.02 - 15.02 2018<\/td>\n<\/tr>\n<tr class=\"row-55 odd\">\n\t<td class=\"column-1\">International Photovoltaic Exhibition &amp; Conference<\/td><td class=\"column-3\">>\u00a0Parc d'Exposition de l'Office des Changes (CICEC)<\/td>\n<\/tr>\n<tr class=\"row-56 even\">\n\t<td class=\"column-1\">SOLAIRE EXPO MAROC<\/td><td rowspan=\"2\" class=\"column-2\">once a year<\/td><td class=\"column-3\">Casablanca\u00a0<\/td><td rowspan=\"2\" class=\"column-4\">27.02 - 01.03 2018<\/td>\n<\/tr>\n<tr class=\"row-57 odd\">\n\t<td class=\"column-1\">International Exhibition of Solar Energy &amp; Energy Efficiency in Marocco<\/td><td class=\"column-3\">>\u00a0Parc d'Exposition de l'Office des Changes (CICEC)<\/td>\n<\/tr>\n<tr class=\"row-58 even\">\n\t<td class=\"column-1\">MAROCOTEL<\/td><td rowspan=\"2\" class=\"column-2\">every 2 years<\/td><td class=\"column-3\">Casablanca\u00a0<\/td><td rowspan=\"2\" class=\"column-4\">March 2018 (?)<\/td>\n<\/tr>\n<tr class=\"row-59 odd\">\n\t<td class=\"column-1\">International Exhibition of Hotel Trade and related Equipment<\/td><td class=\"column-3\">>\u00a0Office des Foires et Expositions de Casablanca (OFEC)<\/td>\n<\/tr>\n<tr class=\"row-60 even\">\n\t<td class=\"column-1\">MEDICAL EXPO<\/td><td rowspan=\"2\" class=\"column-2\">once a year<\/td><td class=\"column-3\">Casablanca\u00a0<\/td><td rowspan=\"2\" class=\"column-4\">01.03 - 04.03 2018<\/td>\n<\/tr>\n<tr class=\"row-61 odd\">\n\t<td class=\"column-1\">International Exhibition of Health Care<\/td><td class=\"column-3\">>\u00a0Office des Foires et Expositions de Casablanca (OFEC)<\/td>\n<\/tr>\n<tr class=\"row-62 even\">\n\t<td class=\"column-1\">MEAPET<\/td><td rowspan=\"2\" class=\"column-2\">once a year<\/td><td class=\"column-3\">Casablanca<\/td><td rowspan=\"2\" class=\"column-4\">12.03 - 13.03 2018<\/td>\n<\/tr>\n<tr class=\"row-63 odd\">\n\t<td class=\"column-1\">Middle East &amp; Africa PET Markets, Applications &amp; Recycling Conference<\/td><td class=\"column-3\"><\/td>\n<\/tr>\n<tr class=\"row-64 even\">\n\t<td class=\"column-1\">MOROCCO HOME<\/td><td rowspan=\"2\" class=\"column-2\">once a year<\/td><td class=\"column-3\">Casablanca\u00a0<\/td><td rowspan=\"2\" class=\"column-4\">28.03 - 31.03 2018<\/td>\n<\/tr>\n<tr class=\"row-65 odd\">\n\t<td class=\"column-1\">International Tradeshow for Home Textiles, Raw Materials and Fabrics. Morocco Home will exhibit Curtains &amp; Tulles, Bed linen &amp; Blanket, Furniture &amp; Upholstery, Kitchen textiles, Bathroom products, Carpets, Wall &amp; Floor covering, Solar-protective material<\/td><td class=\"column-3\">>\u00a0Office des Foires et Expositions de Casablanca (OFEC)<\/td>\n<\/tr>\n<tr class=\"row-66 even\">\n\t<td class=\"column-1\">MOROCCO STYLE<\/td><td rowspan=\"2\" class=\"column-2\">once a year<\/td><td class=\"column-3\">Casablanca\u00a0<\/td><td rowspan=\"2\" class=\"column-4\">28.03 - 31.03 2018<\/td>\n<\/tr>\n<tr class=\"row-67 odd\">\n\t<td class=\"column-1\">International Fashion, Textile and Accessories Fair<\/td><td class=\"column-3\">>\u00a0Parc d'Exposition de l'Office des Changes (CICEC)<\/td>\n<\/tr>\n<tr class=\"row-68 even\">\n\t<td class=\"column-1\">FORUM DE L\u2019ETUDIANT DE LA FORMATION ET DE L\u2019EMPLOI - CASABLANCA<\/td><td rowspan=\"2\" class=\"column-2\">once a year<\/td><td class=\"column-3\">Casablanca\u00a0<\/td><td rowspan=\"2\" class=\"column-4\">April 2018 (?)<\/td>\n<\/tr>\n<tr class=\"row-69 odd\">\n\t<td class=\"column-1\">The Cross Road for Recruiting, Employment and Jobs<\/td><td class=\"column-3\">>\u00a0Office des Foires et Expositions de Casablanca (OFEC)<\/td>\n<\/tr>\n<tr class=\"row-70 even\">\n\t<td class=\"column-1\">PR\u00c9VENTICA INTERNATIONAL CASABLANCA<\/td><td rowspan=\"2\" class=\"column-2\">once a year<\/td><td class=\"column-3\">Casablanca\u00a0<\/td><td rowspan=\"2\" class=\"column-4\">April 2018 (?)<\/td>\n<\/tr>\n<tr class=\"row-71 odd\">\n\t<td class=\"column-1\">Trade Show &amp; Congress dedicated to Workplace Security, Work Protection and Ergonomical Solutions<\/td><td class=\"column-3\">>\u00a0Office des Foires et Expositions de Casablanca (OFEC)<\/td>\n<\/tr>\n<tr class=\"row-72 even\">\n\t<td class=\"column-1\">MARRAKECH AIRSHOW<\/td><td rowspan=\"2\" class=\"column-2\">every 2 years<\/td><td class=\"column-3\">Marrakech\u00a0<\/td><td rowspan=\"2\" class=\"column-4\">April 2018 (?)<\/td>\n<\/tr>\n<tr class=\"row-73 odd\">\n\t<td class=\"column-1\">International Aeronautics Exhibition. Marrakech Airshow has established itself as the meeting place of the aeronautics industry civil and military of the planet with the African continent<\/td><td class=\"column-3\">>\u00a0A\u00e9roport international de Marrakech Menara<\/td>\n<\/tr>\n<tr class=\"row-74 even\">\n\t<td class=\"column-1\">SIAM - SALON INTERNATIONAL DE L\u2019AGRICULTURE AU MAROC<\/td><td rowspan=\"2\" class=\"column-2\">once a year<\/td><td class=\"column-3\">Meknes\u00a0<\/td><td rowspan=\"2\" class=\"column-4\">April 2018 (?)<\/td>\n<\/tr>\n<tr class=\"row-75 odd\">\n\t<td class=\"column-1\">International Exhibition of Moroccan Agriculture<\/td><td class=\"column-3\">>\u00a0Bassin de l\u2019Agdal, Sahrij Souani<\/td>\n<\/tr>\n<tr class=\"row-76 even\">\n\t<td class=\"column-1\">FORUMESURE<\/td><td rowspan=\"2\" class=\"column-2\">once a year<\/td><td class=\"column-3\">Marrakech\u00a0<\/td><td rowspan=\"2\" class=\"column-4\">09.04 - 11.04 2018<\/td>\n<\/tr>\n<tr class=\"row-77 odd\">\n\t<td class=\"column-1\">Specialized Exhibition on Quality, Measurement, Accreditation and Instrumentation<\/td><td class=\"column-3\">>\u00a0Jardins de l'Agdal<\/td>\n<\/tr>\n<tr class=\"row-78 even\">\n\t<td class=\"column-1\">THE BIG 5 CONSTRUCT NORTH AFRICA<\/td><td rowspan=\"2\" class=\"column-2\">once a year<\/td><td class=\"column-3\">Casablanca\u00a0<\/td><td rowspan=\"2\" class=\"column-4\">10.04 - 12.04 2018<\/td>\n<\/tr>\n<tr class=\"row-79 odd\">\n\t<td class=\"column-1\">International Building &amp; Construction Exhibition for the North African Region. BIG 5 CONSTRUCT North Africa features a wide range of building &amp; design categories from HVAC to Windows &amp; doors, Finishes (Coatings, paintings) to Concrete related products<\/td><td class=\"column-3\">>\u00a0Parc d'Exposition de l'Office des Changes (CICEC)<\/td>\n<\/tr>\n<tr class=\"row-80 even\">\n\t<td class=\"column-1\">CIMQUSEF<\/td><td rowspan=\"2\" class=\"column-2\">every 3 years<\/td><td class=\"column-3\">Marrakech\u00a0<\/td><td rowspan=\"2\" class=\"column-4\">25.04 - 27.04 2018<\/td>\n<\/tr>\n<tr class=\"row-81 odd\">\n\t<td class=\"column-1\">International Congress focused on Quality Management in Training &amp; Educational Systems. Management of educational systems by indicators<\/td><td class=\"column-3\">>\u00a0University Cadi Ayyad<\/td>\n<\/tr>\n<tr class=\"row-82 even\">\n\t<td class=\"column-1\">AUTO EXPO CASABLANCA<\/td><td rowspan=\"2\" class=\"column-2\">every 2 years<\/td><td class=\"column-3\">Casablanca\u00a0<\/td><td rowspan=\"2\" class=\"column-4\">May 2018 (?)<\/td>\n<\/tr>\n<tr class=\"row-83 odd\">\n\t<td class=\"column-1\">Casablanca Auto Expo. AUTO EXPO CASABLANCA is show of cars and motorcycles, Personal cars and motorcycles<\/td><td class=\"column-3\">>\u00a0Office des Foires et Expositions de Casablanca (OFEC)<\/td>\n<\/tr>\n<tr class=\"row-84 even\">\n\t<td class=\"column-1\">DEVCOM<\/td><td rowspan=\"2\" class=\"column-2\">once a year<\/td><td class=\"column-3\">Casablanca\u00a0<\/td><td rowspan=\"2\" class=\"column-4\">May 2018 (?)<\/td>\n<\/tr>\n<tr class=\"row-85 odd\">\n\t<td class=\"column-1\">Business Forum for Business Development, Marketing and Communication<\/td><td class=\"column-3\">>\u00a0Hyatt Regency Hotel<\/td>\n<\/tr>\n<tr class=\"row-86 even\">\n\t<td class=\"column-1\">DIGITAL IT DAYS<\/td><td rowspan=\"2\" class=\"column-2\">once a year<\/td><td class=\"column-3\">Casablanca\u00a0<\/td><td rowspan=\"2\" class=\"column-4\">May 2018 (?)<\/td>\n<\/tr>\n<tr class=\"row-87 odd\">\n\t<td class=\"column-1\">Business Forum for Digital Solutions and Information Technologies in Maorocco<\/td><td class=\"column-3\">>\u00a0Hyatt Regency Hotel<\/td>\n<\/tr>\n<tr class=\"row-88 even\">\n\t<td class=\"column-1\">FOIRE COMMERCIALE DU RAMADAN<\/td><td rowspan=\"2\" class=\"column-2\">once a year<\/td><td class=\"column-3\">Casablanca\u00a0<\/td><td rowspan=\"2\" class=\"column-4\">May 2018 (?)<\/td>\n<\/tr>\n<tr class=\"row-89 odd\">\n\t<td class=\"column-1\">Ramadan Commercial Days<\/td><td class=\"column-3\">>\u00a0Office des Foires et Expositions de Casablanca (OFEC)<\/td>\n<\/tr>\n<tr class=\"row-90 even\">\n\t<td class=\"column-1\">INDEX NORTH AFRICA<\/td><td rowspan=\"2\" class=\"column-2\">once a year<\/td><td class=\"column-3\">Casablanca\u00a0<\/td><td rowspan=\"2\" class=\"column-4\">May 2018 (?)<\/td>\n<\/tr>\n<tr class=\"row-91 odd\">\n\t<td class=\"column-1\">International Furniture, Interiors and Retail Design Exhibition. INDEX North Africa is the event for interiors solutions, products and technologies for the residential, retail, hospitality, commercial, healthcare and educational sectors<\/td><td class=\"column-3\">>\u00a0Office des Foires et Expositions de Casablanca (OFEC)<\/td>\n<\/tr>\n<tr class=\"row-92 even\">\n\t<td class=\"column-1\">LOGISMED<\/td><td rowspan=\"2\" class=\"column-2\">once a year<\/td><td class=\"column-3\">Casablanca\u00a0<\/td><td rowspan=\"2\" class=\"column-4\">May 2018 (?)<\/td>\n<\/tr>\n<tr class=\"row-93 odd\">\n\t<td class=\"column-1\">International Logistics trade Show in Morocco<\/td><td class=\"column-3\">>\u00a0Parc d'Exposition de l'Office des Changes (CICEC)<\/td>\n<\/tr>\n<tr class=\"row-94 even\">\n\t<td class=\"column-1\">PLAN\u00c8TE ENTREPRISE<\/td><td rowspan=\"2\" class=\"column-2\">once a year<\/td><td class=\"column-3\">Casablanca\u00a0<\/td><td rowspan=\"2\" class=\"column-4\">May 2018 (?)<\/td>\n<\/tr>\n<tr class=\"row-95 odd\">\n\t<td class=\"column-1\">Business Forum for Business leaders of Morocco and Africa grouping DEVCOM, SOLUTIONS HR and DIGITAL IT DAYS<\/td><td class=\"column-3\">>\u00a0Hyatt Regency Hotel<\/td>\n<\/tr>\n<tr class=\"row-96 even\">\n\t<td class=\"column-1\">SIAB EXPO MAROC<\/td><td rowspan=\"2\" class=\"column-2\">once a year<\/td><td class=\"column-3\">Casablanca\u00a0<\/td><td rowspan=\"2\" class=\"column-4\">May 2018 (?)<\/td>\n<\/tr>\n<tr class=\"row-97 odd\">\n\t<td class=\"column-1\">Intetrnational Food &amp; Drink Exhibition in Morocco. SIAB EXPO MOROCCO is an international trade fair for the food and drinks industry in Africa and Morocco<\/td><td class=\"column-3\">>\u00a0Parc d'Exposition de l'Office des Changes (CICEC)<\/td>\n<\/tr>\n<tr class=\"row-98 even\">\n\t<td class=\"column-1\">SICCAM<\/td><td rowspan=\"2\" class=\"column-2\">once a year<\/td><td class=\"column-3\">Casablanca\u00a0<\/td><td rowspan=\"2\" class=\"column-4\">May 2018 (?)<\/td>\n<\/tr>\n<tr class=\"row-99 odd\">\n\t<td class=\"column-1\">International Fair dedicated to call centers in Morocco<\/td><td class=\"column-3\">>\u00a0Office des Foires et Expositions de Casablanca (OFEC)<\/td>\n<\/tr>\n<tr class=\"row-100 even\">\n\t<td class=\"column-1\">SOLUTIONS RH<\/td><td rowspan=\"2\" class=\"column-2\">once a year<\/td><td class=\"column-3\">Casablanca\u00a0<\/td><td rowspan=\"2\" class=\"column-4\">May 2018 (?<\/td>\n<\/tr>\n<tr class=\"row-101 odd\">\n\t<td class=\"column-1\">Business Solutions Forum for Human Resources<\/td><td class=\"column-3\">>\u00a0Hyatt Regency Hotel<\/td>\n<\/tr>\n<\/tbody>\n<\/table>\n<!-- #tablepress-3 from cache -->\n","protected":false},"excerpt":{"rendered":"NOM DU SALONPERIODICITELIEUPROCHAINES DATES EXPO HALAL INTERNATIONALonce a yearMarrakech\u00a014.09 - 15.09 2017 International Halal Products &amp; Service Expo>\u00a0Palais des Congr\u00e8s de Marrakech KIMIA AFRICAevery 2 yearsCasablanca\u00a026.09 - 28.09 2017 Raw Materials and Technologies for the Chemistry and the Parachemistry Industries Exhibition>\u00a0Parc d'Exposition de l'Office des Changes (CICEC) SIAGRA AFRICAevery 2 yearsCasablanca\u00a0Oct. 2017 (?) Graphic Arts [...]","protected":false},"author":1,"featured_media":0,"parent":0,"menu_order":0,"comment_status":"closed","ping_status":"closed","template":"","meta":[],"_links":{"self":[{"href":"https:\/\/www.marocnow.ma\/index.php\/wp-json\/wp\/v2\/pages\/9733"}],"collection":[{"href":"https:\/\/www.marocnow.ma\/index.php\/wp-json\/wp\/v2\/pages"}],"about":[{"href":"https:\/\/www.marocnow.ma\/index.php\/wp-json\/wp\/v2\/types\/page"}],"author":[{"embeddable":true,"href":"https:\/\/www.marocnow.ma\/index.php\/wp-json\/wp\/v2\/users\/1"}],"replies":[{"embeddable":true,"href":"https:\/\/www.marocnow.ma\/index.php\/wp-json\/wp\/v2\/comments?post=9733"}],"version-history":[{"count":1,"href":"https:\/\/www.marocnow.ma\/index.php\/wp-json\/wp\/v2\/pages\/9733\/revisions"}],"predecessor-version":[{"id":9736,"href":"https:\/\/www.marocnow.ma\/index.php\/wp-json\/wp\/v2\/pages\/9733\/revisions\/9736"}],"wp:attachment":[{"href":"https:\/\/www.marocnow.ma\/index.php\/wp-json\/wp\/v2\/media?parent=9733"}],"curies":[{"name":"wp","href":"https:\/\/api.w.org\/{rel}","templated":true}]}}