{"id":9533,"date":"2017-10-03T07:53:44","date_gmt":"2017-10-03T05:53:44","guid":{"rendered":"http:\/\/www.doithosting.net\/marocnow\/?page_id=9533"},"modified":"2017-10-05T09:02:20","modified_gmt":"2017-10-05T07:02:20","slug":"ouverture-internationale-du-maroc","status":"publish","type":"page","link":"https:\/\/www.marocnow.ma\/index.php\/le-maroc-en-quelques-mots\/ouverture-internationale-du-maroc\/","title":{"rendered":"Ouverture internationale du Maroc"},"content":{"rendered":"<ul>\n<li><img loading=\"lazy\" class=\"size-medium wp-image-9573 alignright\" src=\"http:\/\/www.doithosting.net\/marocnow\/wp-content\/uploads\/2017\/10\/img_post-300x300.png\" alt=\"\" width=\"300\" height=\"300\" srcset=\"https:\/\/www.marocnow.ma\/wp-content\/uploads\/2017\/10\/img_post-300x300.png 300w, https:\/\/www.marocnow.ma\/wp-content\/uploads\/2017\/10\/img_post-150x150.png 150w, https:\/\/www.marocnow.ma\/wp-content\/uploads\/2017\/10\/img_post-180x180.png 180w, https:\/\/www.marocnow.ma\/wp-content\/uploads\/2017\/10\/img_post.png 344w\" sizes=\"(max-width: 300px) 100vw, 300px\" \/>Membre des principales organisations internationales telles que l&#8217;OMC (1995), l&#8217;ONU (1956), le FMI et la Banque Mondiale, du bureau du Centre de d\u00e9veloppement de l\u2019OCDE, de l\u2019Union africaine (UA)<\/li>\n<li>A ratifi\u00e9 le protocole de Kyoto dans le cadre de la convention-cadre des Nations Unies sur le changement climatique et l\u2019accord de Paris (2015)<\/li>\n<li>Membre fondateur de l&#8217;Union pour la M\u00e9diterran\u00e9e (UPM) fond\u00e9e \u00e0 Paris le 31 juillet 2008 et dont le si\u00e8ge est \u00e0 Barcelone.<\/li>\n<li>A renforc\u00e9 ses relations politiques, sociales, culturelles et \u00e9conomiques avec l&#8217;Union europ\u00e9enne (ALECA), principal partenaire commercial du Maroc avec plus de 60 % des \u00e9changes globaux<\/li>\n<li>Premier investisseur africain dans les zones de la Communaut\u00e9 \u00e9conomique et mon\u00e9taire de l\u2019Afrique centrale (CEMAC \u2013 Cameroun, R\u00e9publique Centre Africaine, R\u00e9publique du Congo, Gabon, Guin\u00e9e Equatoriale et le Tchad) et de la Communaut\u00e9 \u00e9conomique des Etats de l&#8217;Afrique de l\u2019ouest \u2013 B\u00e9nin, Burkina Faso, Cap-Vert, C\u00f4te d\u2019Ivoire, Gambie, Ghana, Guin\u00e9e, Guin\u00e9e Bissau, Liberia, Mali, Niger, Nigeria, S\u00e9n\u00e9gal, Sierra Leone, Togo et Mauritanie comme membre associ\u00e9 et en 2017 le Maroc (CEDEAO)<\/li>\n<\/ul>\n","protected":false},"excerpt":{"rendered":"<p>Membre des principales organisations internationales telles que l&#8217;OMC (1995), l&#8217;ONU (1956), le FMI et la Banque Mondiale, du bureau du Centre de d\u00e9veloppement de l\u2019OCDE, de l\u2019Union africaine (UA) A ratifi\u00e9 le protocole de Kyoto dans le cadre de la convention-cadre des Nations Unies sur le changement climatique et l\u2019accord de Paris (2015) Membre fondateur [&hellip;]<\/p>\n","protected":false},"author":1,"featured_media":0,"parent":9529,"menu_order":0,"comment_status":"closed","ping_status":"closed","template":"","meta":[],"_links":{"self":[{"href":"https:\/\/www.marocnow.ma\/index.php\/wp-json\/wp\/v2\/pages\/9533"}],"collection":[{"href":"https:\/\/www.marocnow.ma\/index.php\/wp-json\/wp\/v2\/pages"}],"about":[{"href":"https:\/\/www.marocnow.ma\/index.php\/wp-json\/wp\/v2\/types\/page"}],"author":[{"embeddable":true,"href":"https:\/\/www.marocnow.ma\/index.php\/wp-json\/wp\/v2\/users\/1"}],"replies":[{"embeddable":true,"href":"https:\/\/www.marocnow.ma\/index.php\/wp-json\/wp\/v2\/comments?post=9533"}],"version-history":[{"count":2,"href":"https:\/\/www.marocnow.ma\/index.php\/wp-json\/wp\/v2\/pages\/9533\/revisions"}],"predecessor-version":[{"id":9597,"href":"https:\/\/www.marocnow.ma\/index.php\/wp-json\/wp\/v2\/pages\/9533\/revisions\/9597"}],"up":[{"embeddable":true,"href":"https:\/\/www.marocnow.ma\/index.php\/wp-json\/wp\/v2\/pages\/9529"}],"wp:attachment":[{"href":"https:\/\/www.marocnow.ma\/index.php\/wp-json\/wp\/v2\/media?parent=9533"}],"curies":[{"name":"wp","href":"https:\/\/api.w.org\/{rel}","templated":true}]}}

<ul>
<li><img loading="lazy" class="size-medium wp-image-9573 alignright" src="http://www.doithosting.net/marocnow/wp-content/uploads/2017/10/img_post-300x300.png" alt="" width="300" height="300" srcset="https://www.marocnow.ma/wp-content/uploads/2017/10/img_post-300x300.png 300w, https://www.marocnow.ma/wp-content/uploads/2017/10/img_post-150x150.png 150w, https://www.marocnow.ma/wp-content/uploads/2017/10/img_post-180x180.png 180w, https://www.marocnow.ma/wp-content/uploads/2017/10/img_post.png 344w" sizes="(max-width: 300px) 100vw, 300px" />Membre des principales organisations internationales telles que l&#8217;OMC (1995), l&#8217;ONU (1956), le FMI et la Banque Mondiale, du bureau du Centre de développement de l’OCDE, de l’Union africaine (UA)</li>
<li>A ratifié le protocole de Kyoto dans le cadre de la convention-cadre des Nations Unies sur le changement climatique et l’accord de Paris (2015)</li>
<li>Membre fondateur de l&#8217;Union pour la Méditerranée (UPM) fondée à Paris le 31 juillet 2008 et dont le siège est à Barcelone.</li>
<li>A renforcé ses relations politiques, sociales, culturelles et économiques avec l&#8217;Union européenne (ALECA), principal partenaire commercial du Maroc avec plus de 60 % des échanges globaux</li>
<li>Premier investisseur africain dans les zones de la Communauté économique et monétaire de l’Afrique centrale (CEMAC – Cameroun, République Centre Africaine, République du Congo, Gabon, Guinée Equatoriale et le Tchad) et de la Communauté économique des Etats de l&#8217;Afrique de l’ouest – Bénin, Burkina Faso, Cap-Vert, Côte d’Ivoire, Gambie, Ghana, Guinée, Guinée Bissau, Liberia, Mali, Niger, Nigeria, Sénégal, Sierra Leone, Togo et Mauritanie comme membre associé et en 2017 le Maroc (CEDEAO)</li>
</ul>

<p>Membre des principales organisations internationales telles que l&#8217;OMC (1995), l&#8217;ONU (1956), le FMI et la Banque Mondiale, du bureau du Centre de développement de l’OCDE, de l’Union africaine (UA) A ratifié le protocole de Kyoto dans le cadre de la convention-cadre des Nations Unies sur le changement climatique et l’accord de Paris (2015) Membre fondateur [&hellip;]</p>
