{"id":9495,"date":"2017-10-03T07:45:03","date_gmt":"2017-10-03T05:45:03","guid":{"rendered":"http:\/\/www.doithosting.net\/marocnow\/?page_id=9495"},"modified":"2017-12-12T23:21:05","modified_gmt":"2017-12-12T22:21:05","slug":"atouts-et-valeurs-de-marocnow-2","status":"publish","type":"page","link":"https:\/\/www.marocnow.ma\/index.php\/atouts-et-valeurs-de-marocnow-2\/","title":{"rendered":"Atouts et Valeurs de MarocNow"},"content":{"rendered":"<h3>Atouts<\/h3>\n<p><b>MarocNow<\/b> vous offre un ensemble d\u2019<b>atouts tr\u00e8s avantageux pour commencer du \u00ab\u00a0bon pied\u00a0\u00bb<\/b> au Maroc et en Afrique, et transformer votre projet d\u2019implantation en une r\u00e9alit\u00e9, cr\u00e9atrice de valeur, dans les meilleures conditions et les plus brefs d\u00e9lais :<\/p>\n<ul>\n<li>Plus de 10 ans de pr\u00e9sence physique au Maroc (connaissance terrain du pays, r\u00e9seau institutionnel, \u00e9conomique, social, scientifique, culturel, pratique des affaires, n\u00e9gociation et mise en \u0153uvre d\u2019accords avec des acteurs publiques et priv\u00e9s, soutien logistique et personnel, \u2026)<\/li>\n<li>Une vision europ\u00e9enne, marocaine et africaine<\/li>\n<li>L\u2019exp\u00e9rience, l\u2019expertise et les valeurs d\u2019une \u00e9quipe pluriculturelle, pluridisciplinaire et plurisectorielle<\/li>\n<li>Une m\u00e9thode de travail r\u00e9aliste, pragmatique, prudente et transparente<\/li>\n<li>La possibilit\u00e9 d\u2019agir \u00e0 distance sans n\u00e9cessairement cr\u00e9er une structure sur place<\/li>\n<\/ul>\n<h3>Valeurs<\/h3>\n<p><b>MarocNow<\/b> d\u00e9veloppe une culture d\u2019entreprise centr\u00e9e sur la satisfaction de ses clients et de ses collaborateurs, et sur l\u2019atteinte des objectifs fix\u00e9s dans le respect de <b>valeurs de Qualit\u00e9 et d\u2019Excellence <\/b>:<\/p>\n<ul>\n<li>Ethique, Ind\u00e9pendance et Int\u00e9grit\u00e9 : priorit\u00e9 absolue \u00e0 la d\u00e9fense de vos int\u00e9r\u00eats<\/li>\n<li>Sens de l\u2019engagement responsable : d\u00e9finir avec clart\u00e9 les missions et n\u2019accepter que celles dont les chances de succ\u00e8s sont r\u00e9elles<\/li>\n<li>Discr\u00e9tion et confidentialit\u00e9 pour une communication authentique et permanente<\/li>\n<li>Disponibilit\u00e9 de toute une \u00e9quipe \u00e0 votre service<\/li>\n<li>Proximit\u00e9, courtoisie, cordialit\u00e9, bonne foi et confiance pour une relation de long terme avec vous<\/li>\n<\/ul>\n<p>&nbsp;<\/p>\n<p><strong>Pour en savoir plus,\u00a0<\/strong><a href=\"http:\/\/www.marocnow.ma\/index.php\/contact\/\"><strong>nous contacter<\/strong><\/a><\/p>\n<p>&nbsp;<\/p>\n<p>&nbsp;<\/p>\n","protected":false},"excerpt":{"rendered":"<p>Atouts MarocNow vous offre un ensemble d\u2019atouts tr\u00e8s avantageux pour commencer du \u00ab\u00a0bon pied\u00a0\u00bb au Maroc et en Afrique, et transformer votre projet d\u2019implantation en une r\u00e9alit\u00e9, cr\u00e9atrice de valeur, dans les meilleures conditions et les plus brefs d\u00e9lais : Plus de 10 ans de pr\u00e9sence physique au Maroc (connaissance terrain du pays, r\u00e9seau institutionnel, [&hellip;]<\/p>\n","protected":false},"author":1,"featured_media":9613,"parent":0,"menu_order":0,"comment_status":"closed","ping_status":"closed","template":"","meta":[],"_links":{"self":[{"href":"https:\/\/www.marocnow.ma\/index.php\/wp-json\/wp\/v2\/pages\/9495"}],"collection":[{"href":"https:\/\/www.marocnow.ma\/index.php\/wp-json\/wp\/v2\/pages"}],"about":[{"href":"https:\/\/www.marocnow.ma\/index.php\/wp-json\/wp\/v2\/types\/page"}],"author":[{"embeddable":true,"href":"https:\/\/www.marocnow.ma\/index.php\/wp-json\/wp\/v2\/users\/1"}],"replies":[{"embeddable":true,"href":"https:\/\/www.marocnow.ma\/index.php\/wp-json\/wp\/v2\/comments?post=9495"}],"version-history":[{"count":12,"href":"https:\/\/www.marocnow.ma\/index.php\/wp-json\/wp\/v2\/pages\/9495\/revisions"}],"predecessor-version":[{"id":9806,"href":"https:\/\/www.marocnow.ma\/index.php\/wp-json\/wp\/v2\/pages\/9495\/revisions\/9806"}],"wp:featuredmedia":[{"embeddable":true,"href":"https:\/\/www.marocnow.ma\/index.php\/wp-json\/wp\/v2\/media\/9613"}],"wp:attachment":[{"href":"https:\/\/www.marocnow.ma\/index.php\/wp-json\/wp\/v2\/media?parent=9495"}],"curies":[{"name":"wp","href":"https:\/\/api.w.org\/{rel}","templated":true}]}}