{"id":4983,"date":"2016-03-30T13:32:15","date_gmt":"2016-03-30T13:32:15","guid":{"rendered":"http:\/\/www.hoodthemes.com\/hood\/?page_id=4983"},"modified":"2021-07-14T11:19:57","modified_gmt":"2021-07-14T09:19:57","slug":"home-version-1","status":"publish","type":"page","link":"https:\/\/www.marocnow.ma\/","title":{"rendered":"MarocNow"},"content":{"rendered":"<p>[vc_row][vc_column]<link href=\"https:\/\/fonts.googleapis.com\/css?family=Lato:700%2C400\" rel=\"stylesheet\" property=\"stylesheet\" type=\"text\/css\" media=\"all\">\n<div id=\"rev_slider_1_1_wrapper\" class=\"rev_slider_wrapper fullwidthbanner-container\" data-source=\"gallery\" style=\"margin:0px auto;background:transparent;padding:0px;margin-top:0px;margin-bottom:0px;\">\n<!-- START REVOLUTION SLIDER 5.4.3.1 fullwidth mode -->\n\t<div id=\"rev_slider_1_1\" class=\"rev_slider fullwidthabanner\" style=\"display:none;\" data-version=\"5.4.3.1\">\n<ul>\t<!-- SLIDE  -->\n\t<li data-index=\"rs-1\" data-transition=\"fade\" data-slotamount=\"default\" data-hideafterloop=\"0\" data-hideslideonmobile=\"off\"  data-easein=\"default\" data-easeout=\"default\" data-masterspeed=\"300\"  data-rotate=\"0\"  data-saveperformance=\"off\"  data-title=\"Slide\" data-param1=\"\" data-param2=\"\" data-param3=\"\" data-param4=\"\" data-param5=\"\" data-param6=\"\" data-param7=\"\" data-param8=\"\" data-param9=\"\" data-param10=\"\" data-description=\"\">\n\t\t<!-- MAIN IMAGE -->\n\t\t<img src=\"https:\/\/www.marocnow.ma\/wp-content\/uploads\/2017\/06\/bg_marocnow4-3.jpg\"  alt=\"\" title=\"bg_marocnow4-3\"  width=\"4216\" height=\"1652\" data-bgposition=\"center center\" data-bgfit=\"cover\" data-bgrepeat=\"no-repeat\" class=\"rev-slidebg\" data-no-retina>\n\t\t<!-- LAYERS -->\n\n\t\t<!-- LAYER NR. 1 -->\n\t\t<div class=\"tp-caption   tp-resizeme\" \n\t\t\t id=\"slide-1-layer-1\" \n\t\t\t data-x=\"['center','center','center','center']\" data-hoffset=\"['-12','-12','-12','-12']\" \n\t\t\t data-y=\"['middle','middle','middle','middle']\" data-voffset=\"['42','42','42','42']\" \n\t\t\t\t\t\tdata-width=\"95%\"\n\t\t\tdata-height=\"none\"\n\t\t\tdata-whitespace=\"normal\"\n\t\t\tdata-visibility=\"['on','on','on','off']\"\n \n\t\t\tdata-type=\"text\" \n\t\t\tdata-responsive_offset=\"on\" \n\n\t\t\tdata-frames='[{\"delay\":0,\"speed\":300,\"frame\":\"0\",\"from\":\"opacity:0;\",\"to\":\"o:1;\",\"ease\":\"Power3.easeInOut\"},{\"delay\":\"wait\",\"speed\":300,\"frame\":\"999\",\"to\":\"opacity:0;\",\"ease\":\"Power3.easeInOut\"}]'\n\t\t\tdata-textAlign=\"['center','center','center','center']\"\n\t\t\tdata-paddingtop=\"[0,0,0,0]\"\n\t\t\tdata-paddingright=\"[0,0,0,0]\"\n\t\t\tdata-paddingbottom=\"[0,0,0,0]\"\n\t\t\tdata-paddingleft=\"[0,0,0,0]\"\n\n\t\t\tstyle=\"z-index: 5; min-width: 95%px; max-width: 95%px; white-space: normal; font-size: 28px; line-height: 30px; font-weight: 700; color: #ffffff; letter-spacing: 0px;font-family:Lato;text-shadow:2px 2px 4px rgba(0, 0, 0, 1);\">Le Maroc, un acteur privil\u00e9gi\u00e9 au c\u0153ur des affaires en Afrique, en Europe et au Moyen Orient ! <\/div>\n\n\t\t<!-- LAYER NR. 2 -->\n\t\t<div class=\"tp-caption   tp-resizeme\" \n\t\t\t id=\"slide-1-layer-3\" \n\t\t\t data-x=\"['center','center','center','center']\" data-hoffset=\"['-12','-12','-12','-12']\" \n\t\t\t data-y=\"['middle','middle','middle','middle']\" data-voffset=\"['113','113','113','113']\" \n\t\t\t\t\t\tdata-width=\"90%\"\n\t\t\tdata-height=\"68\"\n\t\t\tdata-whitespace=\"normal\"\n \n\t\t\tdata-type=\"text\" \n\t\t\tdata-responsive_offset=\"on\" \n\n\t\t\tdata-frames='[{\"delay\":0,\"speed\":300,\"frame\":\"0\",\"from\":\"opacity:0;\",\"to\":\"o:1;\",\"ease\":\"Power3.easeInOut\"},{\"delay\":\"wait\",\"speed\":300,\"frame\":\"999\",\"to\":\"opacity:0;\",\"ease\":\"Power3.easeInOut\"}]'\n\t\t\tdata-textAlign=\"['center','center','center','center']\"\n\t\t\tdata-paddingtop=\"[0,0,0,0]\"\n\t\t\tdata-paddingright=\"[0,0,0,0]\"\n\t\t\tdata-paddingbottom=\"[0,0,0,0]\"\n\t\t\tdata-paddingleft=\"[0,0,0,0]\"\n\n\t\t\tstyle=\"z-index: 6; min-width: 90%px; max-width: 90%px; max-width: 68px; max-width: 68px; white-space: normal; font-size: 19px; line-height: 20px; font-weight: 400; color: #ffffff; letter-spacing: 0px;font-family:Lato;text-shadow:2px 2px 4px rgba(0, 0, 0, 1);\">MarocNow optimise les chances de succ\u00e8s de votre projet d'investissement ou d'implantation au Maroc. <\/div>\n\n\t\t<!-- LAYER NR. 3 -->\n\t\t<div class=\"tp-caption   tp-resizeme\" \n\t\t\t id=\"slide-1-layer-5\" \n\t\t\t data-x=\"['center','center','center','center']\" data-hoffset=\"['-2','-2','-2','-2']\" \n\t\t\t data-y=\"['middle','middle','middle','middle']\" data-voffset=\"['-4','-4','-4','-4']\" \n\t\t\t\t\t\tdata-width=\"95%\"\n\t\t\tdata-height=\"none\"\n\t\t\tdata-whitespace=\"normal\"\n\t\t\tdata-visibility=\"['off','off','off','on']\"\n \n\t\t\tdata-type=\"text\" \n\t\t\tdata-responsive_offset=\"on\" \n\t\t\tdata-wrapper_class=\"stext2\" \n\n\t\t\tdata-frames='[{\"delay\":0,\"speed\":300,\"frame\":\"0\",\"from\":\"opacity:0;\",\"to\":\"o:1;\",\"ease\":\"Power3.easeInOut\"},{\"delay\":\"wait\",\"speed\":300,\"frame\":\"999\",\"to\":\"opacity:0;\",\"ease\":\"Power3.easeInOut\"}]'\n\t\t\tdata-textAlign=\"['center','center','center','center']\"\n\t\t\tdata-paddingtop=\"[0,0,0,0]\"\n\t\t\tdata-paddingright=\"[0,0,0,0]\"\n\t\t\tdata-paddingbottom=\"[0,0,0,0]\"\n\t\t\tdata-paddingleft=\"[0,0,0,0]\"\n\n\t\t\tstyle=\"z-index: 7; min-width: 95%px; max-width: 95%px; white-space: normal; font-size: 28px; line-height: 30px; font-weight: 700; color: #ffffff; letter-spacing: 0px;font-family:Lato;text-shadow:2px 2px 4px rgba(0, 0, 0, 1);\">Le Maroc, un acteur privil\u00e9gi\u00e9 au c\u0153ur des affaires en Afrique, en Europe et au Moyen Orient ! <\/div>\n\n\t\t<!-- LAYER NR. 4 -->\n\t\t<div class=\"tp-caption   tp-resizeme\" \n\t\t\t id=\"slide-1-layer-7\" \n\t\t\t data-x=\"['center','center','center','center']\" data-hoffset=\"['-3','-6','-6','-3']\" \n\t\t\t data-y=\"['middle','middle','middle','middle']\" data-voffset=\"['-113','-126','-126','-226']\" \n\t\t\t\t\t\tdata-width=\"95%\"\n\t\t\tdata-height=\"none\"\n\t\t\tdata-whitespace=\"normal\"\n\t\t\tdata-visibility=\"['off','off','on','on']\"\n \n\t\t\tdata-type=\"text\" \n\t\t\tdata-responsive_offset=\"on\" \n\t\t\tdata-wrapper_class=\"stext1\" \n\n\t\t\tdata-frames='[{\"delay\":0,\"speed\":300,\"frame\":\"0\",\"from\":\"opacity:0;\",\"to\":\"o:1;\",\"ease\":\"Power3.easeInOut\"},{\"delay\":\"wait\",\"speed\":300,\"frame\":\"999\",\"to\":\"opacity:0;\",\"ease\":\"Power3.easeInOut\"}]'\n\t\t\tdata-textAlign=\"['center','center','center','center']\"\n\t\t\tdata-paddingtop=\"[0,0,0,0]\"\n\t\t\tdata-paddingright=\"[0,0,0,0]\"\n\t\t\tdata-paddingbottom=\"[0,0,0,0]\"\n\t\t\tdata-paddingleft=\"[0,0,0,0]\"\n\n\t\t\tstyle=\"z-index: 8; min-width: 95%px; max-width: 95%px; white-space: normal; font-size: 28px; line-height: 30px; font-weight: 700; color: #ffffff; letter-spacing: 0px;font-family:Lato;text-shadow:2px 2px 4px rgba(0, 0, 0, 1);\">Le Maroc, un acteur privil\u00e9gi\u00e9 au c\u0153ur des affaires en Afrique, en Europe et au Moyen Orient ! <\/div>\n\t<\/li>\n<\/ul>\n<div class=\"tp-bannertimer tp-bottom\" style=\"visibility: hidden !important;\"><\/div>\t<\/div>\n<script>var htmlDiv = document.getElementById(\"rs-plugin-settings-inline-css\"); var htmlDivCss=\"\";\r\n\t\t\t\tif(htmlDiv) {\r\n\t\t\t\t\thtmlDiv.innerHTML = htmlDiv.innerHTML + htmlDivCss;\r\n\t\t\t\t}else{\r\n\t\t\t\t\tvar htmlDiv = document.createElement(\"div\");\r\n\t\t\t\t\thtmlDiv.innerHTML = \"<style>\" + htmlDivCss + \"<\/style>\";\r\n\t\t\t\t\tdocument.getElementsByTagName(\"head\")[0].appendChild(htmlDiv.childNodes[0]);\r\n\t\t\t\t}\r\n\t\t\t<\/script>\n\t\t<script type=\"text\/javascript\">\r\nsetREVStartSize({c: jQuery('#rev_slider_1_1'), responsiveLevels: [1240,1024,1024,480], gridwidth: [1240,1024,778,480], gridheight: [600,500,960,620], sliderLayout: 'fullwidth'});\r\n\t\t\t\r\nvar revapi1,\r\n\ttpj=jQuery;\r\n\t\t\t\r\ntpj(document).ready(function() {\n\tif(tpj(\"#rev_slider_1_1\").revolution == undefined){\n\t\trevslider_showDoubleJqueryError(\"#rev_slider_1_1\");\n\t}else{\n\t\trevapi1 = tpj(\"#rev_slider_1_1\").show().revolution({\n\t\t\tsliderType:\"standard\",\n\t\t\tjsFileLocation:\"\/\/www.marocnow.ma\/wp-content\/plugins\/revslider\/public\/assets\/js\/\",\n\t\t\tsliderLayout:\"fullwidth\",\n\t\t\tdottedOverlay:\"none\",\n\t\t\tdelay:9000,\n\t\t\tnavigation: {\n\t\t\t\tonHoverStop:\"off\",\n\t\t\t},\n\t\t\tresponsiveLevels:[1240,1024,1024,480],\n\t\t\tvisibilityLevels:[1240,1024,1024,480],\n\t\t\tgridwidth:[1240,1024,778,480],\n\t\t\tgridheight:[600,500,960,620],\n\t\t\tlazyType:\"none\",\n\t\t\tshadow:0,\n\t\t\tspinner:\"spinner0\",\n\t\t\tstopLoop:\"off\",\n\t\t\tstopAfterLoops:-1,\n\t\t\tstopAtSlide:-1,\n\t\t\tshuffle:\"off\",\n\t\t\tautoHeight:\"off\",\n\t\t\tdisableProgressBar:\"on\",\n\t\t\thideThumbsOnMobile:\"off\",\n\t\t\thideSliderAtLimit:0,\n\t\t\thideCaptionAtLimit:0,\n\t\t\thideAllCaptionAtLilmit:0,\n\t\t\tdebugMode:false,\n\t\t\tfallbacks: {\n\t\t\t\tsimplifyAll:\"off\",\n\t\t\t\tnextSlideOnWindowFocus:\"off\",\n\t\t\t\tdisableFocusListener:false,\n\t\t\t}\n\t\t});\n\t}\n\t\n});\t\/*ready*\/\n<\/script>\r\n\t\t<\/div><!-- END REVOLUTION SLIDER -->[vc_row_inner equal_height=&#8221;yes&#8221; css=&#8221;.vc_custom_1510179617689{margin-top: -155px !important;border-top-width: 1px !important;border-radius: 1px !important;}&#8221; el_class=&#8221;home1-pad&#8221;][vc_column_inner el_class=&#8221;custom-height&#8221; width=&#8221;1\/3&#8243; animation_in_type=&#8221;transition.slideUpBigIn&#8221; animation_in_offset=&#8221;100&#8243; animation_in_duration=&#8221;300&#8243; animation_in_delay=&#8221;0&#8243;][vc_single_image image=&#8221;9679&#8243; img_size=&#8221;large&#8221; css=&#8221;.vc_custom_1508197540917{margin-bottom: 0px !important;padding-bottom: 0px !important;}&#8221;][vc_column_text css=&#8221;.vc_custom_1511279359569{margin-top: 0px !important;padding-top: 30px !important;padding-right: 30px !important;padding-bottom: 60px !important;padding-left: 30px !important;background-color: #f7f7f7 !important;}&#8221;]<strong class=\"custom-font\">L\u2019attractivit\u00e9 du Maroc<br \/>\n<\/strong><\/p>\n<p style=\"text-align: left;\">Le Maroc, entre tradition et modernit\u00e9, affiche depuis de nombreuses ann\u00e9es une strat\u00e9gie constante d\u2019ouverture et de rayonnement r\u00e9gional et international, dans le cadre d\u2019une vision globale de croissance pacifique, qui en fait un pays tr\u00e8s attractif offrant des atouts majeurs.<\/p>\n<p>[\/vc_column_text]<div class=\" vc_custom_1509628330694 ubtn-ctn-left \"><a class=\"ubtn-link ult-adjust-bottom-margin ubtn-left ubtn-small \"  rel='' href = \"http:\/\/www.marocnow.ma\/index.php\/information-generale-sur-le-maroc\/#1507535704502-c8ca7a75-c45d8590-fb5c\" ><button type=\"button\" id=\"ubtn-9861\" class=\"ubtn ult-adjust-bottom-margin ult-responsive ubtn-small ubtn-no-hover-bg  none  ubtn-left   tooltip-69ef624d9e63e\"  data-hover=\"#ffffff\" data-border-color=\"\" data-bg=\"#be202f\" data-hover-bg=\"#3d3d3d\" data-border-hover=\"\" data-shadow-hover=\"\" data-shadow-click=\"none\" data-shadow=\"\" data-shd-shadow=\"\"  data-ultimate-target='#ubtn-9861'  data-responsive-json-new='{\"font-size\":\"\",\"line-height\":\"\"}'  style=\"font-weight:normal;border-radius:0px;border-width:0px;border-color:;border-style:solid;background: #be202f;color: #ffffff;\"><span class=\"ubtn-data ubtn-icon\"><i class=\"none\" style=\"font-size:25px;color:#ffffff;\"><\/i><\/span><span class=\"ubtn-hover\" style=\"background-color:#3d3d3d\"><\/span><span class=\"ubtn-data ubtn-text \" >Lire plus<\/span><\/button><\/a><\/div>[\/vc_column_inner][vc_column_inner el_class=&#8221;custom-height&#8221; width=&#8221;1\/3&#8243; animation_in_type=&#8221;transition.slideUpIn&#8221; animation_in_offset=&#8221;100&#8243; animation_in_duration=&#8221;300&#8243; animation_in_delay=&#8221;0&#8243; css=&#8221;.vc_custom_1510241243222{border-radius: 3px !important;}&#8221;][vc_single_image image=&#8221;9760&#8243; img_size=&#8221;large&#8221; css=&#8221;.vc_custom_1509453126394{margin-bottom: 0px !important;padding-bottom: 0px !important;}&#8221;][vc_column_text css=&#8221;.vc_custom_1511280064937{margin-top: 0px !important;padding-top: 30px !important;padding-right: 30px !important;padding-bottom: 60px !important;padding-left: 30px !important;background-color: #f7f7f7 !important;}&#8221;]<\/p>\n<p style=\"text-align: left;\"><strong class=\"custom-font\">Services sur mesure selon votre strat\u00e9gie d\u2019implantation<\/strong><\/p>\n<p style=\"text-align: left;\">Si vous avez cibl\u00e9 le Maroc et\/ou l&#8217;Afrique pour y implanter et d\u00e9velopper, tout ou partie de votre entreprise, MarocNow peut vous aider \u00e0 concr\u00e9tiser votre projet, en optimisant vos chances de succ\u00e8s.<\/p>\n<p>[\/vc_column_text]<div class=\" vc_custom_1509463000513 ubtn-ctn-left \"><a class=\"ubtn-link ult-adjust-bottom-margin ubtn-left ubtn-small \"  rel='' href = \"http:\/\/www.marocnow.ma\/index.php\/services-sur-mesure-selon-votre-strategie-dimplantation\/\" ><button type=\"button\" id=\"ubtn-9528\" class=\"ubtn ult-adjust-bottom-margin ult-responsive ubtn-small ubtn-no-hover-bg  none  ubtn-left   tooltip-69ef624d9e6e7\"  data-hover=\"#ffffff\" data-border-color=\"\" data-bg=\"#be202f\" data-hover-bg=\"#3d3d3d\" data-border-hover=\"\" data-shadow-hover=\"\" data-shadow-click=\"none\" data-shadow=\"\" data-shd-shadow=\"\"  data-ultimate-target='#ubtn-9528'  data-responsive-json-new='{\"font-size\":\"\",\"line-height\":\"\"}'  style=\"font-weight:normal;border-radius:0px;border-width:0px;border-color:;border-style:solid;background: #be202f;color: #ffffff;\"><span class=\"ubtn-data ubtn-icon\"><i class=\"none\" style=\"font-size:25px;color:#ffffff;\"><\/i><\/span><span class=\"ubtn-hover\" style=\"background-color:#3d3d3d\"><\/span><span class=\"ubtn-data ubtn-text \" >Lire plus<\/span><\/button><\/a><\/div>[\/vc_column_inner][vc_column_inner el_class=&#8221;custom-height&#8221; width=&#8221;1\/3&#8243; animation_in_type=&#8221;transition.slideUpBigIn&#8221; animation_in_offset=&#8221;100&#8243; animation_in_duration=&#8221;300&#8243; animation_in_delay=&#8221;0&#8243; css=&#8221;.vc_custom_1510241246152{border-radius: 3px !important;}&#8221;][vc_single_image image=&#8221;9744&#8243; img_size=&#8221;large&#8221; css=&#8221;.vc_custom_1509360891641{margin-bottom: 0px !important;padding-bottom: 0px !important;}&#8221;][vc_column_text css=&#8221;.vc_custom_1511279663920{margin-top: 0px !important;padding-top: 30px !important;padding-right: 30px !important;padding-bottom: 60px !important;padding-left: 30px !important;background-color: #f7f7f7 !important;}&#8221;]<strong class=\"custom-font\">Opportunit\u00e9s d\u2019affaires au Maroc<\/strong><\/p>\n<p style=\"text-align: left;\">Le Maroc pr\u00e9sente de nombreuses opportunit\u00e9s d\u2019affaires pour tout type d\u2019entreprises, dans tous les secteurs d\u2019activit\u00e9s et en particulier dans ceux promus par les strat\u00e9gies sectorielles des pouvoirs publics marocains.<\/p>\n<p>[\/vc_column_text]<div class=\" vc_custom_1510180412189 ubtn-ctn-left \"><a class=\"ubtn-link ult-adjust-bottom-margin ubtn-left ubtn-small \"  rel='' href = \"http:\/\/www.marocnow.ma\/index.php\/opportunites-daffaires-sectorielles\/\" ><button type=\"button\" id=\"ubtn-1869\" class=\"ubtn ult-adjust-bottom-margin ult-responsive ubtn-small ubtn-no-hover-bg  none  ubtn-left   tooltip-69ef624d9e721\"  data-hover=\"#ffffff\" data-border-color=\"\" data-bg=\"#be202f\" data-hover-bg=\"#3d3d3d\" data-border-hover=\"\" data-shadow-hover=\"\" data-shadow-click=\"none\" data-shadow=\"\" data-shd-shadow=\"\"  data-ultimate-target='#ubtn-1869'  data-responsive-json-new='{\"font-size\":\"\",\"line-height\":\"\"}'  style=\"font-weight:normal;border-radius:0px;border-width:0px;border-color:;border-style:solid;background: #be202f;color: #ffffff;\"><span class=\"ubtn-data ubtn-icon\"><i class=\"none\" style=\"font-size:25px;color:#ffffff;\"><\/i><\/span><span class=\"ubtn-hover\" style=\"background-color:#3d3d3d\"><\/span><span class=\"ubtn-data ubtn-text \" >Lire plus<\/span><\/button><\/a><\/div>[\/vc_column_inner][\/vc_row_inner][\/vc_column][\/vc_row][vc_row full_width=&#8221;stretch_row&#8221; equal_height=&#8221;yes&#8221; el_id=&#8221;row2&#8243; css=&#8221;.vc_custom_1510247925703{margin-top: 80px !important;background-image: url(http:\/\/www.marocnow.ma\/wp-content\/uploads\/2016\/03\/bg_marocnow-1.png?id=9485) !important;background-position: center !important;background-repeat: no-repeat !important;background-size: cover !important;border-radius: 5px !important;}&#8221;][vc_column width=&#8221;1\/2&#8243; el_id=&#8221;Box1&#8243; css=&#8221;.vc_custom_1510240688696{background-color: #e7ecf2 !important;}&#8221;]<div id=\"ultimate-heading-969869ef624d9e768\" class=\"uvc-heading ult-adjust-bottom-margin ultimate-heading-969869ef624d9e768 uvc-4731 head_line\" data-hspacer=\"line_only\"  data-halign=\"left\" style=\"text-align:left\"><div class=\"uvc-main-heading ult-responsive\"  data-ultimate-target='.uvc-heading.ultimate-heading-969869ef624d9e768 h1'  data-responsive-json-new='{\"font-size\":\"\",\"line-height\":\"\"}' ><h1 style=\"font-weight:bold;color:#404040;margin-top:50px;\">Philosophie d\u2019entreprise<\/h1><\/div><div class=\"uvc-heading-spacer line_only\" style=\"margin-top:40px;margin-bottom:40px;height:1px;\"><span class=\"uvc-headings-line\" style=\"border-style:inset;border-bottom-width:1px;border-color:#141414;width:76px;\"><\/span><\/div><\/div>[vc_column_text]<b>MarocNow<\/b> d\u00e9veloppe une culture d\u2019entreprise centr\u00e9e sur la satisfaction de ses clients et de ses collaborateurs, et, sur l\u2019atteinte des objectifs fix\u00e9s dans le respect de <b>valeurs de Qualit\u00e9 et d\u2019Excellence.<\/b>[\/vc_column_text][vc_column_text el_class=&#8221;block-text2&#8243;]<a class=\"custom-link-button\" href=\"http:\/\/www.marocnow.ma\/index.php\/qui-sommes-nous\/une-equipe-pluriculturelle-pluridisciplinaire-et-plurisectorielle\/\"><strong>Qui sommes nous?<\/strong><i class=\"fa fa-arrow-right\" aria-hidden=\"true\"><\/i><\/a>[\/vc_column_text][vc_row_inner css=&#8221;.vc_custom_1510240618462{background-color: #e7ecf2 !important;}&#8221;][vc_column_inner][\/vc_column_inner][\/vc_row_inner][\/vc_column][vc_column width=&#8221;1\/2&#8243; el_id=&#8221;Box2&#8243; css=&#8221;.vc_custom_1510240703539{background-color: #ffffff !important;}&#8221;]<div id=\"ultimate-heading-602469ef624d9e78a\" class=\"uvc-heading ult-adjust-bottom-margin ultimate-heading-602469ef624d9e78a uvc-7441 head_line\" data-hspacer=\"line_only\"  data-halign=\"left\" style=\"text-align:left\"><div class=\"uvc-main-heading ult-responsive\"  data-ultimate-target='.uvc-heading.ultimate-heading-602469ef624d9e78a h1'  data-responsive-json-new='{\"font-size\":\"\",\"line-height\":\"\"}' ><h1 style=\"font-weight:bold;color:#404040;margin-top:50px;\">Nos services<\/h1><\/div><div class=\"uvc-heading-spacer line_only\" style=\"margin-top:40px;margin-bottom:40px;height:1px;\"><span class=\"uvc-headings-line\" style=\"border-style:inset;border-bottom-width:1px;border-color:#141414;width:76px;\"><\/span><\/div><\/div>[vc_column_text]Si vous avez cibl\u00e9 le Maroc et\/ou l\u2019Afrique pour y implanter et d\u00e9velopper, tout ou partie de votre entreprise,\u00a0<strong>MarocNow<\/strong>\u00a0peut vous aider \u00e0 concr\u00e9tiser votre projet, en optimisant vos chances de succ\u00e8s, dans les meilleures conditions et les plus brefs d\u00e9lais, quelle que soit la strat\u00e9gie d\u2019implantation que vous choisissez.[\/vc_column_text][vc_column_text el_class=&#8221;block-text2&#8243;]<a class=\"custom-link-button\" href=\"http:\/\/www.marocnow.ma\/index.php\/opportunites-daffaires-sectorielles\/\"><strong>Opportunit\u00e9s d\u2019affaires<\/strong><i class=\"fa fa-arrow-right\" aria-hidden=\"true\"><\/i><\/a>[\/vc_column_text][vc_row_inner css=&#8221;.vc_custom_1510240632733{background-color: #ffffff !important;}&#8221;][vc_column_inner][\/vc_column_inner][\/vc_row_inner][\/vc_column][\/vc_row][vc_row css=&#8221;.vc_custom_1497358117354{background-color: #ffffff !important;}&#8221;][vc_column]<div id=\"ultimate-heading-788369ef624d9e7a5\" class=\"uvc-heading ult-adjust-bottom-margin ultimate-heading-788369ef624d9e7a5 uvc-8685 \" data-hspacer=\"line_only\"  data-halign=\"center\" style=\"text-align:center\"><div class=\"uvc-main-heading ult-responsive\"  data-ultimate-target='.uvc-heading.ultimate-heading-788369ef624d9e7a5 h2'  data-responsive-json-new='{\"font-size\":\"\",\"line-height\":\"\"}' ><h2 style=\"font-weight:bold;color:#404040;margin-top:30px;\">Pourquoi le Maroc ?<\/h2><\/div><div class=\"uvc-heading-spacer line_only\" style=\"margin-top:10px;margin-bottom:50px;height:1px;\"><span class=\"uvc-headings-line\" style=\"border-style:inset;border-bottom-width:1px;border-color:#ccc;width:76px;\"><\/span><\/div><\/div>[vc_column_text el_class=&#8221;simg1&#8243;]<img loading=\"lazy\" class=\"aligncenter size-full wp-image-9902\" src=\"http:\/\/www.marocnow.ma\/wp-content\/uploads\/2016\/03\/lemarocC2-3.jpg\" alt=\"\" width=\"auto\" height=\"auto\" srcset=\"https:\/\/www.marocnow.ma\/wp-content\/uploads\/2016\/03\/lemarocC2-3.jpg 1139w, https:\/\/www.marocnow.ma\/wp-content\/uploads\/2016\/03\/lemarocC2-3-300x121.jpg 300w, https:\/\/www.marocnow.ma\/wp-content\/uploads\/2016\/03\/lemarocC2-3-768x310.jpg 768w, https:\/\/www.marocnow.ma\/wp-content\/uploads\/2016\/03\/lemarocC2-3-1024x414.jpg 1024w\" sizes=\"(max-width: 1139px) 100vw, 1139px\" \/>[\/vc_column_text][vc_column_text el_class=&#8221;simg2&#8243;]<img loading=\"lazy\" class=\"aligncenter size-full wp-image-9959\" src=\"http:\/\/www.marocnow.ma\/wp-content\/uploads\/2016\/03\/lemarocC2-10.png\" alt=\"\" width=\"auto\" height=\"auto\" srcset=\"https:\/\/www.marocnow.ma\/wp-content\/uploads\/2016\/03\/lemarocC2-10.png 708w, https:\/\/www.marocnow.ma\/wp-content\/uploads\/2016\/03\/lemarocC2-10-300x195.png 300w\" sizes=\"(max-width: 708px) 100vw, 708px\" \/>[\/vc_column_text][\/vc_column][\/vc_row]<\/p>\n","protected":false},"excerpt":{"rendered":"<p>[vc_row][vc_column][vc_row_inner equal_height=&#8221;yes&#8221; css=&#8221;.vc_custom_1510179617689{margin-top: -155px !important;border-top-width: 1px !important;border-radius: 1px !important;}&#8221; el_class=&#8221;home1-pad&#8221;][vc_column_inner el_class=&#8221;custom-height&#8221; width=&#8221;1\/3&#8243; animation_in_type=&#8221;transition.slideUpBigIn&#8221; animation_in_offset=&#8221;100&#8243; animation_in_duration=&#8221;300&#8243; animation_in_delay=&#8221;0&#8243;][vc_single_image image=&#8221;9679&#8243; img_size=&#8221;large&#8221; css=&#8221;.vc_custom_1508197540917{margin-bottom: 0px !important;padding-bottom: 0px !important;}&#8221;][vc_column_text css=&#8221;.vc_custom_1511279359569{margin-top: 0px !important;padding-top: 30px !important;padding-right: 30px !important;padding-bottom: 60px !important;padding-left: 30px !important;background-color: #f7f7f7 !important;}&#8221;]L\u2019attractivit\u00e9 du Maroc Le Maroc, entre tradition et modernit\u00e9, affiche depuis de nombreuses ann\u00e9es une strat\u00e9gie constante d\u2019ouverture et de [&hellip;]<\/p>\n","protected":false},"author":1,"featured_media":0,"parent":0,"menu_order":0,"comment_status":"closed","ping_status":"closed","template":"","meta":[],"_links":{"self":[{"href":"https:\/\/www.marocnow.ma\/index.php\/wp-json\/wp\/v2\/pages\/4983"}],"collection":[{"href":"https:\/\/www.marocnow.ma\/index.php\/wp-json\/wp\/v2\/pages"}],"about":[{"href":"https:\/\/www.marocnow.ma\/index.php\/wp-json\/wp\/v2\/types\/page"}],"author":[{"embeddable":true,"href":"https:\/\/www.marocnow.ma\/index.php\/wp-json\/wp\/v2\/users\/1"}],"replies":[{"embeddable":true,"href":"https:\/\/www.marocnow.ma\/index.php\/wp-json\/wp\/v2\/comments?post=4983"}],"version-history":[{"count":148,"href":"https:\/\/www.marocnow.ma\/index.php\/wp-json\/wp\/v2\/pages\/4983\/revisions"}],"predecessor-version":[{"id":10407,"href":"https:\/\/www.marocnow.ma\/index.php\/wp-json\/wp\/v2\/pages\/4983\/revisions\/10407"}],"wp:attachment":[{"href":"https:\/\/www.marocnow.ma\/index.php\/wp-json\/wp\/v2\/media?parent=4983"}],"curies":[{"name":"wp","href":"https:\/\/api.w.org\/{rel}","templated":true}]}}